mber?
True
Is 154655 a prime number?
False
Is 4982127 prime?
False
Is 1122659 prime?
True
Is 18503 composite?
False
Is 1689 composite?
True
Is 7342 composite?
True
Is 9383 composite?
True
Is 157 composite?
False
Is 22189 a prime number?
True
Is 14699 prime?
True
Is 37151 composite?
True
Is 16411 a composite number?
False
Is 239903 composite?
True
Is 1949 a composite number?
False
Is 2843 prime?
True
Is 4771 prime?
False
Is 17291 a prime number?
True
Is 37645 a prime number?
False
Is 1259 prime?
True
Is 528191 a prime number?
True
Is 22399 a composite number?
True
Is 11477 composite?
True
Is 30737 a prime number?
False
Is 81457 a prime number?
True
Is 191 a composite number?
False
Is 296939 prime?
False
Is 3346205 prime?
False
Is 648521 a composite number?
True
Is 18503 composite?
False
Is 33703 prime?
True
Is 7197 prime?
False
Is 84887 a composite number?
True
Is 13047 composite?
True
Is 134773 a composite number?
True
Is 1316297 a prime number?
False
Is 42305 prime?
False
Is 1363 prime?
False
Is 31307 a composite number?
False
Is 227737 prime?
False
Is 18593 a composite number?
False
Is 1212221 composite?
False
Is 1188857 a prime number?
True
Is 173801 composite?
True
Is 1073 prime?
False
Is 5259 a prime number?
False
Is 1439 prime?
True
Is 768301 prime?
True
Is 200683 a composite number?
True
Is 225371 a composite number?
False
Is 906329 composite?
False
Is 693871 a prime number?
True
Is 4499 a prime number?
False
Is 31199 composite?
True
Is 9101 prime?
False
Is 5981 composite?
False
Is 769231 prime?
True
Is 345403 prime?
False
Is 473 a prime number?
False
Is 12071 composite?
False
Is 12373 prime?
True
Is 77209 prime?
False
Is 544611 composite?
True
Is 295187 composite?
False
Is 49615 prime?
False
Is 3386 composite?
True
Is 28387 prime?
True
Is 63839 a prime number?
True
Is 63059 prime?
True
Is 30273 composite?
True
Is 15031 a prime number?
True
Is 65167 a prime number?
True
Is 37133 a composite number?
True
Is 7283 a prime number?
True
Is 42899 a composite number?
False
Is 11411 a prime number?
True
Is 1187351 a prime number?
False
Is 24223 a composite number?
False
Is 35023 a composite number?
False
Is 99347 a composite number?
False
Is 5323 a prime number?
True
Is 24653 composite?
True
Is 7061 prime?
False
Is 112787 prime?
True
Is 22327 a prime number?
False
Is 11549 composite?
False
Is 136319 a prime number?
True
Is 187601 a composite number?
True
Is 6239 a composite number?
True
Is 459005 prime?
False
Is 30749 a prime number?
False
Is 23557 a prime number?
True
Is 75721 a prime number?
True
Is 20419 a prime number?
False
Is 58277 prime?
False
Is 6947 a composite number?
False
Is 482593 composite?
False
Is 42011 a prime number?
False
Is 1385 composite?
True
Is 32771 composite?
False
Is 23419 a prime number?
False
Is 183191 a prime number?
True
Is 1535 a prime number?
False
Is 505231 composite?
False
Is 1213 a composite number?
False
Is 443939 a composite number?
False
Is 154057 prime?
True
Is 962441 a prime number?
True
Is 113717 a prime number?
True
Is 1321487 prime?
True
Is 21101 a prime number?
True
Is 382693 a composite number?
False
Is 77458 composite?
True
Is 5407 a prime number?
True
Is 121867 a prime number?
True
Is 5603 prime?
False
Is 20261 a composite number?
False
Is 4334653 a composite number?
False
Is 1949 composite?
False
Is 13529 a composite number?
True
Is 42349 composite?
False
Is 1548535 a prime number?
False
Is 11287 a prime number?
True
Is 52121 a prime number?
True
Is 402149 a prime number?
False
Is 2921 composite?
True
Is 136229 a prime number?
False
Is 281347 composite?
True
Is 5857 a prime number?
True
Is 1341335 prime?
False
Is 13849 prime?
False
Is 235594 prime?
False
Is 79103 prime?
True
Is 3212789 prime?
False
Is 11311 a composite number?
False
Is 60209 a prime number?
True
Is 18805 prime?
False
Is 9543 a prime number?
False
Is 861797 composite?
False
Is 93773 prime?
False
Is 37607 prime?
True
Is 9977 a prime number?
False
Is 100055 prime?
False
Is 66127 a composite number?
True
Is 182453 a prime number?
True
Is 93719 composite?
False
Is 5051 composite?
False
Is 29947 a prime number?
True
Is 63227 a prime number?
False
Is 900863 prime?
True
Is 16129 a composite number?
True
Is 35681 composite?
True
Is 24721 composite?
True
Is 2617 prime?
True
Is 863 composite?
False
Is 1637 composite?
False
Is 1558991 a composite number?
True
Is 5507 prime?
True
Is 3027 prime?
False
Is 815 a prime number?
False
Is 246869 a prime number?
False
Is 110527 prime?
True
Is 175738 a composite number?
True
Is 238859 a prime number?
True
Is 365623 composite?
True
Is 318079 a composite number?
True
Is 1034461 prime?
True
Is 390323 composite?
False
Is 1591933 a composite number?
True
Is 377119 a prime number?
False
Is 558973 prime?
True
Is 1059 a prime number?
False
Is 43343 composite?
True
Is 1661 composite?
True
Is 16727 composite?
True
Is 64229 prime?
False
Is 390341 a prime number?
False
Is 33809 a prime number?
True
Is 140669 a prime number?
False
Is 11239 composite?
False
Is 214351 prime?
True
Is 12667 a composite number?
True
Is 350213 a composite number?
False
Is 35719 composite?
True
Is 3845 composite?
True
Is 12247 prime?
False
Is 289669 prime?
True
Is 25301 composite?
False
Is 50213 a prime number?
False
Is 7162 a composite number?
True
Is 1183759 prime?
True
Is 95939 a prime number?
False
Is 39397 a composite number?
False
Is 983 composite?
False
Is 350123 a composite number?
True
Is 11621 a prime number?
True
Is 3408437 prime?
True
Is 24469 a composite number?
False
Is 15601 a composite number?
False
Is 73339 a prime number?
False
Is 60641 composite?
True
Is 1369897 prime?
True
Is 1481 composite?
False
Is 8263 a prime number?
True
Is 122719 a prime number?
True
Is 31637 prime?
False
Is 781 a composite number?
True
Is 13921 composite?
False
Is 27361 composite?
False
Is 9277 prime?
True
Is 40387 composite?
False
Is 235633 composite?
True
Is 3967 a composite number?
False
Is 131561 a composite number?
False
Is 14699 composite?
False
Is 2554 a prime number?
False
Is 38813 composite?
True
Is 383806 a prime number?
False
Is 69439 a composite number?
False
Is 118409 a prime number?
True
Is 11671 a composite number?
True
Is 22499 a composite number?
True
Is 345413 a composite number?
False
Is 426211 a composite number?
False
Is 64105 composite?
True
Is 49297 a composite number?
False
Is 15959 prime?
True
Is 49919 a prime number?
True
Is 33827 a composite number?
False
Is 2839 a composite number?
True
Is 111557 a prime number?
False
Is 122893 composite?
True
Is 1936703 composite?
True
Is 3203 a prime number?
True
Is 89189 composite?
False
Is 6599 a composite number?
False
Is 67723 composite?
False
Is 260951 a prime number?
True
Is 9326 a prime number?
False
Is 479 a prime number?
True
Is 6449 composite?
False
Is 211199 a composite number?
False
Is 127313 composite?
True
Is 9147 composite?
True
Is 779507 a composite number?
False
Is 19841 composite?
False
Is 21551 prime?
False
Is 45317 composite?
False
Is 304597 a prime number?
True
Is 170089 composite?
True
Is 1373 composite?
False
Is 6241 prime?
False
Is 206689 composite?
True
Is 818 a prime number?
False
Is 13789 a prime number?
True
Is 551453 a composite number?
True
Is 30023 a composite number?
True
Is 98317 a composite number?
False
Is 62819 a prime number?
True
Is 275203 a prime number?
False
Is 24515 prime?
False
Is 27847 a prime number?
True
Is 2833 composite?
False
Is 1577 composite?
True
Is 383371 a prime number?
True
Is 1237 prime?
True
Is 219359 a composite number?
True
Is 655437 a prime number?
False
Is 15133 a prime number?
False
Is 12679 a prime number?
False
Is 498337 prime?
False
Is 23755 a composite number?
True
Is 93581 prime?
True
Is 58711 prime?
True
Is 16557 a prime number?
False
Is 1969 prime?
False
Is 2581 composite?
True
Is 2293 composite?
False
Is 14369 composite?
False
Is 48579 a composite number?
True
Is 186457 composite?
True
Is 98497 a prime number?
False
Is 31957 composite?
False
Is 2743 a composite number?
True
Is 1369139 a composite number?
False
Is 213047 composite?
True
Is 33287 a composite number?
False
Is 60646 composite?
True
Is 5138753 composite?
False
Is 2419331 composite?
False
Is 1847 a composite number?
False
Is 6898139 a composite num